{"id":1195,"date":"2017-06-26T11:12:42","date_gmt":"2017-06-26T13:12:42","guid":{"rendered":"http:\/\/www.encontraavare.com.br\/noticias\/?page_id=1195"},"modified":"2021-01-05T14:39:49","modified_gmt":"2021-01-05T16:39:49","slug":"sobre-avare","status":"publish","type":"page","link":"https:\/\/www.encontraavare.com.br\/sobre\/","title":{"rendered":"Sobre Avar\u00e9"},"content":{"rendered":"<p><br \/>\n<img decoding=\"async\" class=\"alignnone wp-image-1196 size-full\" src=\"https:\/\/www.encontraavare.com.br\/sobre\/wp-content\/uploads\/2017\/06\/cidade-de-avare.jpg\" alt=\"Cidade de Avar\u00e9\" width=\"100%\" height=\"198\" srcset=\"https:\/\/www.encontraavare.com.br\/sobre\/wp-content\/uploads\/2017\/06\/cidade-de-avare.jpg 565w, https:\/\/www.encontraavare.com.br\/sobre\/wp-content\/uploads\/2017\/06\/cidade-de-avare-300x105.jpg 300w\" sizes=\"(max-width: 565px) 100vw, 565px\" \/><\/p>\n<p><strong>Avar\u00e9<\/strong> \u00e9 um munic\u00edpio brasileiro do estado de S\u00e3o Paulo, distante 263 quil\u00f4metros da capital paulista. \u00c9 oficialmente considerada uma est\u00e2ncia tur\u00edstica.<\/p>\n<h2>Hist\u00f3ria<\/h2>\n<p>Fundada em meados do s\u00e9culo dezenove pelo major Vitoriano de Sousa Rocha e Domiciano Santana, o munic\u00edpio surgiu em torno de uma capela votiva dedicada a Nossa Senhora das Dores.<\/p>\n<p>Em busca de um lugar ideal para viver, com terras agricult\u00e1veis e \u00e1gua em abund\u00e2ncia, os pioneiros chegaram \u00e0 regi\u00e3o da atual Avar\u00e9 por volta de 1840, segundo as pesquisas mais recentes. Ao major Vitoriano de Sousa Rocha e a seu compadre, Domiciano Santana \u00e9 atribu\u00edda a funda\u00e7\u00e3o do munic\u00edpio, cujo local, com vegeta\u00e7\u00e3o exuberante e muitos recursos naturais, levou ambos, procedentes de Bragan\u00e7a Paulista e de Pouso Alegre, a enfrentarem as dificuldades iniciais como os ataques de \u00edndios botocudos, e se estabelecerem.<\/p>\n<p>Por volta de 1861, ao cumprir uma antiga promessa &#8211; a vida salva de sua mulher depois de parto dif\u00edcil &#8211; o major construiu uma capela bem no lugar onde hoje est\u00e1 erguido Santu\u00e1rio de Nossa Senhora das Dores. No altar da pequena igreja e futura matriz ele colocou a imagem daquela que se tornaria a padroeira do munic\u00edpio.<\/p>\n<p>Junto com o amigo Domiciano fez ainda a doa\u00e7\u00e3o de onze alqueires ao patrim\u00f4nio da futura vila, isto no dia 15 de maio de 1862. Ao redor da capela nasceu o povoado, chamado Rio Novo.<\/p>\n<p>O Major e Domiciano s\u00e3o considerados os fundadores e a data em que se comemora a festa do munic\u00edpio \u00e9 15 de Setembro, dia em que a liturgia cat\u00f3lica celebra a festa de Nossa Senhora das Dores. A Vila do Rio Novo foi elevada \u00e0 categoria de munic\u00edpio com o nome de Avar\u00e9 em 1891.<\/p>\n<p>A popula\u00e7\u00e3o &#8211; dentre os imigrantes que formaram a sociedade avareense, os integrantes da col\u00f4nia portuguesa est\u00e3o entre os de maior n\u00famero. Tamb\u00e9m contribu\u00edram para o desenvolvimento local: espanh\u00f3is, italianos, \u00e1rabes, japoneses, su\u00ed\u00e7os e negros.<br \/>\nParticiparam ativamente da forma\u00e7\u00e3o do povoado nomes hoje ligados \u00e0 hist\u00f3ria social e pol\u00edtica de <a title=\"Avar\u00e9\" href=\"https:\/\/www.encontraavare.com.br\/\" target=\"_blank\" rel=\"noopener noreferrer\">Avar\u00e9<\/a>, como o capit\u00e3o Israel Pinto de Ara\u00fajo Novais, o coronel Jo\u00e3o Baptista da Cruz e o alferes Manuel Marcelino de Sousa Franco, o Maneco Dion\u00edsio, que intercedeu no governo do estado para que a Estrada de Ferro Sorocabana, um marco do progresso local, passasse na antiga Rio Novo, o que n\u00e3o aconteceria segundo o projeto original.<\/p>\n<p>Avar\u00e9 (ou Abar\u00e9) vem do tupi-guarani abar\u00e9-y, nome dado pelo intendente (&#8220;prefeito&#8221;) da \u00e9poca Cel. Eduardo Lopes de Oliveira ao munic\u00edpio, nome este que \u00e9 de um morro arrendondado (morro Avar\u00e9) que existe ao sul do munic\u00edpio de Itatinga e que fica na ent\u00e3o sua propriedade Fazenda Avar\u00e9. Provavelmente Avar\u00e9 queira apenas dizer &#8220;solit\u00e1rio&#8221;, pois o tal morro est\u00e1 isolado de outros. A solicita\u00e7\u00e3o da troca do nome de Rio Novo para Avar\u00e9 foi feita pelo Cel. Eduardo ao ent\u00e3o Presidente do Estado de S\u00e3o Paulo Am\u00e9rico Brasiliense de Almeida Melo, quando ent\u00e3o o munic\u00edpio ganhou autonomia pol\u00edtica.<\/p>\n<p>A principal via para acesso \u00e0 cidade \u00e9 por meio da <a title=\"Rodovia Castelo Branco\" href=\"https:\/\/www.rodoviacastelobranco.com.br\/\" target=\"_blank\" rel=\"noopener noreferrer\">Rodovia Castelo Branco<\/a> (BR-374).<\/p>\n<h2>Turismo<\/h2>\n<p>O turismo \u00e9 um ponto forte da <a title=\"Cidade de Avar\u00e9\" href=\"https:\/\/www.encontraavare.com.br\/\" target=\"_blank\" rel=\"noopener noreferrer\">Cidade de Avar\u00e9<\/a>, que hoje \u00e9 uma est\u00e2ncia tur\u00edstica. Terra da \u00c1gua, do Verde e do Sol, Avar\u00e9 \u00e9 um convite \u00e0 beleza e \u00e0 paz de sua represa.<\/p>\n<p>Todo ano acontecem eventos tradicionais como a EMAPA (Exposi\u00e7\u00e3o Municipal Agropecu\u00e1ria de Avar\u00e9), mostra que re\u00fane criadores e pecuaristas de v\u00e1rias partes do Pa\u00eds, o que levou o munic\u00edpio a ser conhecido como Capital Nacional do Cavalo e a FAMPOP (Feira Avareense de M\u00fasica Popular Brasileira), que tem como objetivo despertar a nova gera\u00e7\u00e3o de m\u00fasicos, compositores e int\u00e9rpretes da m\u00fasica brasileira.<br \/>\nHorto Florestal (Floresta Estadual de Avar\u00e9), criado em 1945 pelo governo do estado, \u00e9 um roteiro tur\u00edstico obrigat\u00f3rio.<\/p>\n<h2>Est\u00e2ncia tur\u00edstica<\/h2>\n<p>Avar\u00e9 \u00e9 um dos 29 munic\u00edpios paulistas considerados est\u00e2ncias tur\u00edsticas pelo Estado de S\u00e3o Paulo, por cumprirem determinados pr\u00e9-requisitos definidos por Lei Estadual. Tal status garante a esses munic\u00edpios uma verba maior por parte do Estado para a promo\u00e7\u00e3o do turismo regional. Tamb\u00e9m, o munic\u00edpio adquire o direito de agregar junto a seu nome o t\u00edtulo de Est\u00e2ncia Tur\u00edstica, termo pelo qual passa a ser designado tanto pelo expediente municipal oficial quanto pelas refer\u00eancias estaduais.<\/p>\n<h2>Economia<\/h2>\n<p>A economia gira em torno da agricultura, pecu\u00e1ria, servi\u00e7os e do turismo explorado \u00e0s margens da Represa de Jurumirim. Na agricultura foi considerado nos anos 30 como a capital nacional do algod\u00e3o. At\u00e9 a grande geada de 1975 foi grande produtor de caf\u00e9. A pecu\u00e1ria \u00e9 muito desenvolvida, a partir do ano de 2006 \u00e9 vis\u00edvel o desenvolvimento das planta\u00e7\u00f5es de c\u00edtricos e de cana-de-a\u00e7\u00facar pela instala\u00e7\u00e3o de uma usina de a\u00e7\u00facar e \u00e1lcool.<\/p>\n<p>Para homenagear a comunidade de moradores desta maravilhosa cidade, o <a title=\"Encontra S\u00e3o Paulo\" href=\"https:\/\/www.encontrasaopaulo.com.br\/\" target=\"_blank\" rel=\"noopener noreferrer\">Encontra S\u00e3o Paulo<\/a> criou o <a title=\"Encontra Avar\u00e9\" href=\"https:\/\/www.encontraavare.com.br\/\" target=\"_blank\" rel=\"noopener noreferrer\">Encontra Avar\u00e9<\/a>.<\/p>\n<h2>Not\u00edcias de Avar\u00e9<\/h2>\n<p><a href=\"https:\/\/www.encontraavare.com.br\/noticias\/\"><img decoding=\"async\" src=\"https:\/\/feeds.feedburner.com\/encontraavare.gif?w=1&amp;c=1&amp;bb=8WR2\" alt=\"Blog do Guia da Cidade de Avar\u00e9\" border=\"0\" \/><\/a><\/p>\n<h2>Cidades de S\u00e3o Paulo: Limites &#8211; Cidades Vizinhas<\/h2>\n<p>Borebi, <a title=\"Len\u00e7\u00f3is Paulista\" href=\"https:\/\/www.encontrasp.com.br\/lencois-paulistas\" target=\"_blank\" rel=\"noopener noreferrer\">Len\u00e7\u00f3is Paulista,<\/a> Laras, Prat\u00e2nia, Ita\u00ed, Paranapanema, <a title=\"Botucatu\" href=\"https:\/\/www.encontrabotucatu.com.br\/\" target=\"_blank\" rel=\"noopener noreferrer\">Botucatu<\/a>, Itatinga, Cerqueira C\u00e9sar e Arandu. <a title=\"Rodovia Raposo Tavares\" href=\"https:\/\/www.rodoviaraposotavares.com.br\/\">Rodovia Raposo Tavares<\/a><\/p>\n<h3>Dados Principais sobre Avar\u00e9<\/h3>\n<p><strong>Anivers\u00e1rio: <\/strong>15 de Setembro<br \/>\n<strong>Funda\u00e7\u00e3o :<\/strong> 1861&gt;<br \/>\n<strong>Gent\u00edlico: <\/strong>avareense<br \/>\n<strong>Area: <\/strong>1.216,640 Km \u00b2<br \/>\n<strong>Popula\u00e7\u00e3o<\/strong> 82.935 hab. (2010)<br \/>\n<strong>IDH<\/strong> 0,806 &#8211; elevado<br \/>\n<strong>Prefeitura<\/strong> Avar\u00e9<\/p>\n<div id=\"attachment_1197\" style=\"width: 114px\" class=\"wp-caption alignnone\"><img loading=\"lazy\" decoding=\"async\" aria-describedby=\"caption-attachment-1197\" class=\"wp-image-1197 size-full\" src=\"https:\/\/www.encontraavare.com.br\/sobre\/wp-content\/uploads\/2017\/06\/brasao-de-avare.jpg\" alt=\"Bras\u00e3o de Avar\u00e9\" width=\"104\" height=\"119\" \/><p id=\"caption-attachment-1197\" class=\"wp-caption-text\">Bras\u00e3o de Avar\u00e9<\/p><\/div>\n<div id=\"attachment_1198\" style=\"width: 155px\" class=\"wp-caption alignnone\"><img loading=\"lazy\" decoding=\"async\" aria-describedby=\"caption-attachment-1198\" class=\"wp-image-1198 size-full\" src=\"https:\/\/www.encontraavare.com.br\/sobre\/wp-content\/uploads\/2017\/06\/bandeira-de-avare.jpg\" alt=\"Bandeira de Avar\u00e9\" width=\"145\" height=\"93\" \/><p id=\"caption-attachment-1198\" class=\"wp-caption-text\">Bandeira de Avar\u00e9<\/p><\/div>\n<div>\n<h2>V\u00eddeo sobre a cidade de Avar\u00e9<\/h2>\n<h3><a title=\"Veja mais v\u00eddeos sobre a Cidade de Avar\u00e9\" href=\"https:\/\/www.encontraavare.com.br\/avare\/videos-sobre-avare.shtml\">Veja mais v\u00eddeos sobre a Cidade de Avar\u00e9<\/a><\/h3>\n<p><iframe loading=\"lazy\" src=\"https:\/\/www.youtube.com\/embed\/xyXQtL_IO8o\" width=\"100%\" height=\"285\" frameborder=\"0\" allowfullscreen=\"allowfullscreen\"><\/iframe><\/p>\n<h2>Mapa Avar\u00e9<\/h2>\n<p><iframe loading=\"lazy\" style=\"border: 0;\" src=\"https:\/\/www.google.com\/maps\/embed?pb=!1m18!1m12!1m3!1d29359.323374212334!2d-48.94607378563553!3d-23.100191784472017!2m3!1f0!2f0!3f0!3m2!1i1024!2i768!4f13.1!3m3!1m2!1s0x94c126856d15e979%3A0xfc2fd0b3d0b3f78!2zQXZhcsOpLCBTUA!5e0!3m2!1spt-BR!2sbr!4v1498482387137\" width=\"100%\" height=\"300\" frameborder=\"0\" allowfullscreen=\"allowfullscreen\"><\/iframe><\/p>\n<\/div>\n\n<div style=\"font-size: 0px; height: 0px; line-height: 0px; margin: 0; padding: 0; clear: both;\"><\/div>","protected":false},"excerpt":{"rendered":"<p>Avar\u00e9 \u00e9 um munic\u00edpio brasileiro do estado de S\u00e3o Paulo, distante 263 quil\u00f4metros da capital paulista. \u00c9 oficialmente considerada uma est\u00e2ncia tur\u00edstica. Hist\u00f3ria Fundada em meados do s\u00e9culo dezenove pelo major Vitoriano de Sousa Rocha e Domiciano Santana, o munic\u00edpio surgiu em torno de uma capela votiva dedicada a Nossa Senhora das Dores. Em busca de um lugar ideal para viver, com terras agricult\u00e1veis e \u00e1gua em abund\u00e2ncia, os pioneiros chegaram \u00e0 regi\u00e3o da atual Avar\u00e9 por volta de 1840, segundo as pesquisas mais recentes. Ao major Vitoriano de Sousa Rocha e a seu compadre, Domiciano Santana \u00e9 atribu\u00edda a <\/p>\n","protected":false},"author":1,"featured_media":0,"parent":0,"menu_order":0,"comment_status":"closed","ping_status":"closed","template":"","meta":{"footnotes":""},"class_list":["post-1195","page","type-page","status-publish","hentry"],"aioseo_notices":[],"_links":{"self":[{"href":"https:\/\/www.encontraavare.com.br\/sobre\/wp-json\/wp\/v2\/pages\/1195","targetHints":{"allow":["GET"]}}],"collection":[{"href":"https:\/\/www.encontraavare.com.br\/sobre\/wp-json\/wp\/v2\/pages"}],"about":[{"href":"https:\/\/www.encontraavare.com.br\/sobre\/wp-json\/wp\/v2\/types\/page"}],"author":[{"embeddable":true,"href":"https:\/\/www.encontraavare.com.br\/sobre\/wp-json\/wp\/v2\/users\/1"}],"replies":[{"embeddable":true,"href":"https:\/\/www.encontraavare.com.br\/sobre\/wp-json\/wp\/v2\/comments?post=1195"}],"version-history":[{"count":0,"href":"https:\/\/www.encontraavare.com.br\/sobre\/wp-json\/wp\/v2\/pages\/1195\/revisions"}],"wp:attachment":[{"href":"https:\/\/www.encontraavare.com.br\/sobre\/wp-json\/wp\/v2\/media?parent=1195"}],"curies":[{"name":"wp","href":"https:\/\/api.w.org\/{rel}","templated":true}]}}